et z(n) = 18*n - 18. Let s(m) = l*z(m) + 15*f(m). What is the remainder when 23 is divided by s(-3)?
11
Suppose 5*x = -15, -3*x - 14 + 7 = -u. Suppose -85*v = -88*v + 102. What is the remainder when v is divided by -1 - (-19)/u*-2?
16
Let l(g) = g**3 + 2*g**2 - 1. Let f be l(1). Suppose -25 = f*y - 7*y. Calculate the remainder when -4*1/(-2)*4 is divided by y.
3
Let h(p) = -2*p**2 - 2*p + 1. Let j be h(-2). What is the remainder when 33 is divided by 6/(6*j/(-27))?
6
Calculate the remainder when 7 is divided by (-57)/(-21) + (-6)/(-21).
1
Suppose p + v = 3*v - 1, -5*v = -25. What is the remainder when 35 is divided by p?
8
Suppose -23 = -10*m + 9*m. What is the remainder when m is divided by 6?
5
Calculate the remainder when 29 - (2 + -5)*1 is divided by 7.
4
Let r = 251 - 134. Suppose -3*g = -0*g - r. Suppose -3*u - h + 35 = 0, -4*h - 50 = -4*u - 6*h. Calculate the remainder when g is divided by u.
9
Suppose 0 = 4*s + 12, p - 2*s - 2*s = 17. What is the remainder when 12 is divided by p?
2
Let h = -60 + 129. Let l be 15/4 + (-1)/(-4). Suppose h = l*w + 21. Calculate the remainder when 22 is divided by w.
10
Suppose 4*v - 45 - 79 = 0. What is the remainder when v is divided by 16?
15
Suppose 0 = -13*l + 26*l - 65. What is the remainder when 1 + (-1)/((-2)/22) is divided by l?
2
Suppose -4*k + 107 = 39. Calculate the remainder when 31 is divided by k.
14
Suppose 2*v + 3*h - 15 = -3*v, 0 = -3*v - 4*h + 9. Suppose 2*i = v*i - 17. What is the remainder when 50 is divided by i?
16
Suppose 3*y - 140 = -y. Let r = -98 + 107. What is the remainder when y is divided by r?
8
Suppose 4*c = 138 - 50. Suppose 5*q + 4 = -4*b + q, -b = -4*q - 9. Calculate the remainder when c is divided by b/3 + (-105)/(-9).
10
Suppose -5*m - 2*d + 6 + 48 = 0, 0 = -m - 4*d + 18. What is the remainder when m is divided by 6?
4
Suppose 3*o - 2 = -6*f + 2*f, -o + 2*f + 4 = 0. Suppose 57 = a + o. Suppose -10 + a = c. What is the remainder when c is divided by 12?
9
Suppose -4*x - 7 = -83. Suppose 0*r = r - 74. Calculate the remainder when r is divided by x.
17
Let d(p) = p + 73. Calculate the remainder when 187 is divided by d(-26).
46
What is the remainder when 1 + 62/2*(5 + -4) is divided by 9?
5
Let v = -11 - -35. Calculate the remainder when 69 is divided by v.
21
Let c be ((-22)/4)/(4/(-88)). Suppose 5*z - i - i = c, 0 = 5*z + 4*i - 103. Calculate the remainder when 44 is divided by z.
21
Suppose -13*g + 8*g = -25. Let r(y) = 18*y**2 - y - 1. Calculate the remainder when r(-1) is divided by g.
3
Suppose b = 2*g + 4*b, 2*g - 2*b = 20. Calculate the remainder when 49 is divided by 22 + -3 + (g - 0).
24
Suppose 5*s = 20, -s + 0*s = m - 57. What is the remainder when m is divided by 18?
17
What is the remainder when 0/(-3) + 3 + 26 is divided by 10?
9
Let n = 4 - 4. Suppose 2*d - 237 + 19 = n. What is the remainder when d is divided by 28?
25
Let z = -14 - -49. Let u(v) = -v**3 - 7*v**2 - 2*v - 2. Calculate the remainder when z is divided by u(-7).
11
Suppose -5*b - 28 = -88. Let c(t) be the third derivative of t**6/60 - t**5/20 + t**4/8 - t**3/2 + 5*t**2. Calculate the remainder when b is divided by c(2).
5
Let v be (-1)/2*(-32)/8. Let m(w) = -w**2 + 2*w + 2. Let y(z) = -2*z - 3. Let a(c) = -4*m(c) - 3*y(c). What is the remainder when 24 is divided by a(v)?
11
Let y be 9*((-6)/(-3) + -1). Let x = y - 2. Calculate the remainder when 19 is divided by x.
5
Let b be ((-12)/(-16))/(2/8). Suppose b*y = 69 + 6. Calculate the remainder when y is divided by (-38)/(-6) + 4/6.
4
Let f(j) be the first derivative of j**2 - 5*j - 1. Let c(p) = -p + 1. Let y(t) = -6*c(t) - 2*f(t). Calculate the remainder when 29 is divided by y(3).
9
Let h = -1 + 3. Let s = -2 + 4. Calculate the remainder when s is divided by h.
0
Let j(u) = 2*u + 17. Let l be j(-7). Let s = 1 + -1. Suppose -5*n - l*v + 115 = s, n + 3*n = -2*v + 92. What is the remainder when n is divided by 8?
7
Suppose 77*b - 73*b - 36 = 0. Let j(i) = -i**3 - 2*i**2 + 3*i + 5. What is the remainder when j(-4) is divided by b?
7
Suppose 5*p - 20 = 10. Calculate the remainder when p is divided by 5.
1
Suppose 8*w - 129 = 5*w. What is the remainder when w is divided by 23?
20
What is the remainder when ((-154)/8 - 0)/(6/(-24)) is divided by 27?
23
Suppose 0 = 4*m - 5*p - 35, 0*m - 2*m = p - 35. Calculate the remainder when 59 is divided by m.
14
Suppose -2*n = 3*v - v - 20, -2*v + 2*n = -28. Calculate the remainder when (-1)/4 - (-282)/8 is divided by v.
11
Let f(b) = 2*b**3 + b - 1. Calculate the remainder when f(3) is divided by 29.
27
Let t be -2 - (-2 + 2)*-1. Let a = -13 + t. Calculate the remainder when 1 is divided by (-1)/5 - 18/a.
0
Let s(a) = a**2 - 2*a - 2. Let x = -16 + 10. What is the remainder when (-2)/12 + (-67)/x is divided by s(4)?
5
Let v = 130 + -129. Calculate the remainder when v is divided by 1.
0
Let k = -2 - -5. Suppose -5*c + 86 = r, -k*r = -2*c + 2*r + 29. Suppose 2*h - 107 = 4*x - x, -4*x = 2*h - 86. Calculate the remainder when h is divided by c.
15
What is the remainder when 3*(-610)/12*(-22)/55 is divided by 9?
7
Let p(k) be the first derivative of -k**3/3 - 5*k**2 + 1. What is the remainder when p(-6) is divided by 13?
11
Suppose 2 = v - 4. Calculate the remainder when v is divided by 2.
0
What is the remainder when (-2936)/(-20) - 8/(-40) is divided by 50?
47
Let u = 22 + -16. Calculate the remainder when u is divided by 2 + 3 - (2 + -1).
2
Let o = 9 - 3. Calculate the remainder when 10 is divided by o.
4
Suppose 4*u + 16 = 5*f - 9, -11 = -4*f + 5*u. Calculate the remainder when 3*(-6)/f - -79 is divided by 26.
25
Let t(l) = -10*l - 7. Calculate the remainder when t(-6) is divided by -9*(1 + 8/(-2)).
26
Let a = 0 - -3. Suppose -2*b + 6*b + 35 = a*g, 4*b = -2*g + 30. Calculate the remainder when 24 is divided by g.
11
Let t = 32 - 61. Let y = t - -48. Calculate the remainder when y is divided by 10.
9
Let j(k) = 5*k + 24. Let r(p) = -2*p - 12. Let a(s) = -3*j(s) - 7*r(s). What is the remainder when 21 is divided by a(0)?
9
Let k(u) = 12*u**2 - 2*u - 3. Let o be 2*2/(12/9). Let t be k(o). Calculate the remainder when 50 is divided by t/6 + (-2)/(-4).
16
Let h = -16 + 52. Let j(q) = 13*q. Suppose -4*r + 3*r = -1. What is the remainder when h is divided by j(r)?
10
Let u(q) = 2*q**2 + 28*q - 30. What is the remainder when u(-16) is divided by 18?
16
Suppose 5*j + 15 = 0, -3*q + 5*j - 14 = -194. Calculate the remainder when q is divided by 28.
27
Suppose 6*j - 7*j + 12 = 0. What is the remainder when 23 is divided by j?
11
Let y = -3 + 5. Let a = y + 1. What is the remainder when a is divided by 2?
1
Let k(w) = -22*w - 1. Let h be k(-1). Suppose 2*t - h - 1 = 0. Suppose -3*m - m = -80. Calculate the remainder when m is divided by t.
9
What is the remainder when (-2 - -1)*-23 + 2 is divided by (-4)/10 + 37/5?
4
Let b = -7 + 3. Calculate the remainder when -74*(10/b)/5 is divided by 13.
11
Suppose -2*l = g + 3*l - 95, -2*l = -3*g + 200. What is the remainder when g is divided by 24?
22
Let p = 38 + -25. Calculate the remainder when p is divided by 9.
4
Let u(n) = n**3 - 12*n**2 - 13*n. Let x be u(13). Suppose i + 2*i - 42 = x. Calculate the remainder when 41 is divided by i.
13
Calculate the remainder when 706/10 - -4*(-15)/100 is divided by 8.
6
Let u(y) = 2*y - 7. Let x(s) = 5*s - 14. Let r(t) = 5*u(t) - 3*x(t). Suppose 0*z = z - 65. Calculate the remainder when z is divided by r(-3).
21
Let t = -24 + 35. Suppose -7 = -2*s - z, 4*z + t = 3*s + 5*z. Calculate the remainder when 8 is divided by s.
0
Let j(o) = -2*o**3 + 8*o**2 + 9. Calculate the remainder when (-2)/(-7) + 236/7 is divided by j(4).
7
Suppose -2*y + a = -9, -5*y + 2*a = -3*a - 35. Suppose -4*u - l = -0*u - 160, -5*u - y*l = -203. What is the remainder when u is divided by 10?
9
Let j = 67 + -41. What is the remainder when 103 is divided by j?
25
Suppose 0 = -l + 4*i + 10, l = 4*l - 4*i - 14. Suppose 5*k + 0*s - s = 9, -l*s - 11 = -3*k. What is the remainder when k is divided by 1?
0
Suppose -4*t + 78 - 30 = 0. Let j = t + -10. Calculate the remainder when j is divided by 2.
0
Suppose -2*m - 2*m = 8. What is the remainder when 27 is divided by m*(-3 - (2 - 0))?
7
Let k(h) = -2*h - 6. Let c = 15 - 10. Suppose 3*r - 53 = 4*a + 3, 82 = c*r - a. Calcul